{"id":2,"date":"2016-05-10T05:48:21","date_gmt":"2016-05-10T03:48:21","guid":{"rendered":"http:\/\/wordpress.feuerwehr-rauenthal.com\/?page_id=2"},"modified":"2021-09-26T08:57:49","modified_gmt":"2021-09-26T06:57:49","slug":"sample-page","status":"publish","type":"page","link":"https:\/\/feuerwehr-rauenthal.com\/","title":{"rendered":"Startseite"},"content":{"rendered":"\n<h1 class=\"wp-block-heading\">Herzlich Willkommen<\/h1>\n\n\n\n<p>auf der&nbsp;Internetseite der Freiwillige Feuerwehr Rauenthal! Wir m\u00f6chten Ihnen hier auf unserer Internetseite, einen \u00dcberblick \u00fcber unsere Aktivit\u00e4ten, Eins\u00e4tze, Einsatzabteilung und Jugendfeuerwehr geben. Wir versuchen die Seite stets auf dem aktuellen Stand zu halten. Wir w\u00fcnschen Ihnen viel Spa\u00df. Bei Fragen und Anregungen k\u00f6nnen Sie sich gerne mit uns in Verbindung setzen. &nbsp; <\/p>\n\n\n\n<p><strong>Ihre Freiwillige Feuerwehr Rauenthal<\/strong><\/p>\n\n\n\n<p><\/p>\n","protected":false},"excerpt":{"rendered":"<p>Herzlich Willkommen auf der&nbsp;Internetseite der Freiwillige Feuerwehr Rauenthal! Wir m\u00f6chten Ihnen hier auf unserer Internetseite, einen \u00dcberblick \u00fcber unsere Aktivit\u00e4ten, Eins\u00e4tze, Einsatzabteilung und Jugendfeuerwehr geben. Wir versuchen die Seite stets auf dem aktuellen Stand zu halten. Wir w\u00fcnschen Ihnen viel Spa\u00df. Bei Fragen und Anregungen k\u00f6nnen Sie sich gerne mit uns in Verbindung setzen. &nbsp; Ihre Freiwillige Feuerwehr Rauenthal<\/p>\n","protected":false},"author":1,"featured_media":0,"parent":0,"menu_order":0,"comment_status":"closed","ping_status":"open","template":"","meta":{"footnotes":""},"class_list":["post-2","page","type-page","status-publish","hentry"],"jetpack_sharing_enabled":true,"_links":{"self":[{"href":"https:\/\/feuerwehr-rauenthal.com\/index.php?rest_route=\/wp\/v2\/pages\/2","targetHints":{"allow":["GET"]}}],"collection":[{"href":"https:\/\/feuerwehr-rauenthal.com\/index.php?rest_route=\/wp\/v2\/pages"}],"about":[{"href":"https:\/\/feuerwehr-rauenthal.com\/index.php?rest_route=\/wp\/v2\/types\/page"}],"author":[{"embeddable":true,"href":"https:\/\/feuerwehr-rauenthal.com\/index.php?rest_route=\/wp\/v2\/users\/1"}],"replies":[{"embeddable":true,"href":"https:\/\/feuerwehr-rauenthal.com\/index.php?rest_route=%2Fwp%2Fv2%2Fcomments&post=2"}],"version-history":[{"count":14,"href":"https:\/\/feuerwehr-rauenthal.com\/index.php?rest_route=\/wp\/v2\/pages\/2\/revisions"}],"predecessor-version":[{"id":180,"href":"https:\/\/feuerwehr-rauenthal.com\/index.php?rest_route=\/wp\/v2\/pages\/2\/revisions\/180"}],"wp:attachment":[{"href":"https:\/\/feuerwehr-rauenthal.com\/index.php?rest_route=%2Fwp%2Fv2%2Fmedia&parent=2"}],"curies":[{"name":"wp","href":"https:\/\/api.w.org\/{rel}","templated":true}]}}